= -93. What are the prime factors of o/8 + (-3)/12?
2
Let q(j) = -j**3 - j**2 + 4*j + 4. Let s be q(-3). Let v be (s/8)/(2/(-48)). Let m = -13 - v. List the prime factors of m.
17
Suppose -8*u = -7*u + d - 632, 1888 = 3*u - d. List the prime factors of u.
2, 3, 5, 7
Let w = -4487 - -7175. List the prime factors of w.
2, 3, 7
What are the prime factors of (92/10)/(23/115)?
2, 23
What are the prime factors of (-807)/(3/60*-6)?
2, 5, 269
Suppose -a + r + 295 = -0*a, 2*a - 594 = r. List the prime factors of a.
13, 23
Let j = 10 - 9. List the prime factors of (-2 + 69/2)/(j/2).
5, 13
Let o be 4*1/1 - 11. Let w(c) = -7*c + 17. List the prime factors of w(o).
2, 3, 11
Let p = 38 - 149. Let y(j) = -j**3 - 5*j**2 - 9*j - 6. Let v be y(-7). Let f = v + p. What are the prime factors of f?
2, 11
List the prime factors of (-442932)/(-588) + (-4)/14.
3, 251
Suppose -u = -6*u + 15. Suppose -3*r - 3*m = 2*m - 43, 0 = 5*r + m - 35. Suppose -u*v + 17 = h, 97 = 5*h - 3*v - r. What are the prime factors of h?
2, 5
Suppose -333*p = -324*p - 24165. What are the prime factors of p?
3, 5, 179
Let v(s) = 3*s**2 + 2*s + 7. Let o(i) = -4*i**2 - 3*i - 6. Let k(y) = 4*o(y) + 5*v(y). Let d(l) = l. Let h(g) = -3*d(g) + k(g). List the prime factors of h(-5).
11
Let w(y) = -y**2 + 32*y - 26. Let q be w(20). Suppose 4*g - 4*f = 174 + q, -2*f + 376 = 4*g. List the prime factors of g.
5, 19
Let q = 9 + -4. Suppose 3*c + 7 = 4*s - 4, 0 = q*s - c - 11. Suppose 0 = -g + 3*l - 0 + 24, -56 = -4*g + s*l. What are the prime factors of g?
2, 3
Let u(i) = i**3 + 7*i**2 - 3*i - 20. Let c be u(-7). Let z(x) = 314*x**3 + 2*x**2 - 3*x + 1. What are the prime factors of z(c)?
2, 157
Let x(g) = -g - 8. Let u(t) = t**3 + 7*t**2 - 8*t - 9. Let a be u(-8). Let c be x(a). Let h(y) = 60*y**2 - 2. List the prime factors of h(c).
2, 29
Suppose 532 - 37 = -5*c. Let l(n) = n**3 - 4*n**2 + 2*n - 6. Let u be l(4). List the prime factors of ((-6)/9)/(u/c).
3, 11
Let j(q) = 238*q - 853. What are the prime factors of j(27)?
5573
Let q = 4 + -11. Let v(u) = -u**2 + 22*u + 13. Let z be v(22). Let x = z - q. What are the prime factors of x?
2, 5
Let b(v) = -v + 10. Let a(i) = -3*i + 41. Let g(c) = 4*a(c) - 18*b(c). Suppose -5*n - 1 + 46 = 0. List the prime factors of g(n).
2, 19
Let s(m) = -m**2 - 13*m - 10. Let l(q) = -7*q + 12. Let t be l(4). Let k = -27 - t. List the prime factors of s(k).
2, 3
Let p = 14 + -9. Suppose 2*s + 0*s + 3*z - p = 0, z = 4*s - 31. Let b(m) = 7*m - 17. What are the prime factors of b(s)?
2
Let x(u) = 198*u**3 - u**2 + u - 1. Let v be x(1). Let s = v + -106. What are the prime factors of s?
7, 13
Suppose 3*f = 6*f - 3*u - 12, -4*f - u = -16. Suppose 4*h = -f*h + 1576. List the prime factors of h.
197
Let o(m) = m**2 + 8*m - 25. What are the prime factors of o(-30)?
5, 127
Suppose 0 = -13*b + 3*b + 10. What are the prime factors of (1 + -2)*b - 524/(-4)?
2, 5, 13
Suppose -2*x - 2*x + 5*u + 25 = 0, -2*x - 3*u - 15 = 0. Suppose 5*k + 0*k - 525 = x. Suppose 0 = -5*g - 5*m + k, -5*m = -0*m - 15. List the prime factors of g.
2, 3
Suppose 0 = -6*l + 1218 - 264. What are the prime factors of l?
3, 53
Let g = 16 - -11. Suppose 3*d = 5*m - 73, -2*d + 7*d + 3*m + 65 = 0. Let z = d + g. List the prime factors of z.
11
List the prime factors of 959 + 0 + (-56)/(-7).
967
Suppose -5*y + 4*q + 183 = -819, 4*q = -12. What are the prime factors of y?
2, 3, 11
List the prime factors of (-3 - (3 + 0)) + 211.
5, 41
Let w = 281 - 242. What are the prime factors of w?
3, 13
Let h = -9 + 12. Let b = -3 - h. What are the prime factors of 24/(-10)*20/b?
2
Let b be 43/3 - (-14)/21. Let h(u) = 2*u**3 - 20*u**2 - 15*u + 10. Let v be h(b). List the prime factors of ((-4)/5)/((-22)/v).
2, 37
Let l be (-15)/(-12)*(0 + -32)/4. What are the prime factors of 40/50 - 1062/l?
107
Suppose 5*k - 4 = b - 1, -2*b = -k - 3. Suppose -171 = b*t - 547. Suppose -i - 3*i = -t. List the prime factors of i.
47
Suppose -4*j - 9 = -7*j + 3*a, 0 = -5*j - 3*a - 9. Suppose -3*t - 123 - 111 = j. What are the prime factors of 3/(-21) - t/7?
11
Suppose 0 = -2*j + 2*z - 188, -3*j + 2*z = j + 374. What are the prime factors of (-4)/12 + j/(-9)?
2, 5
Suppose -z + 8 = -3*z. Let d be 14/(-28) - 26/z. What are the prime factors of (d + 2)*77/28?
2, 11
Suppose -u - 15 = 4*u. Let h = u + -1. List the prime factors of 1/h + 133/4.
3, 11
Let l(q) = -10*q - 10. Let i be (6 - (-4)/(-1))*-10. Let m be l(i). Let x = 267 - m. What are the prime factors of x?
7, 11
Suppose 3*y - h = 13, 7*h = -2*y + 4*h - 6. Suppose -300 = -y*z + z. List the prime factors of z.
2, 3, 5
Let b = -2167 - -2565. List the prime factors of b.
2, 199
Suppose 2*q = -0*q - 3*c - 7, c = 5*q - 25. Let g(s) = 3*s**2 - 2*s + 6. Let a be g(q). Let u = a + -26. What are the prime factors of u?
2, 5
Suppose 28*y + 80 = 32*y. List the prime factors of (-1)/5 + 504/y.
5
Suppose -3*j + 2*x = x - 296, 199 = 2*j + x. List the prime factors of j - 6*(-1)/2.
2, 3, 17
Let r(b) be the first derivative of -b**4/4 + 7*b**3/3 + 9*b**2/2 - 6*b - 5. Let q be r(8). Suppose q*h = 4*h - 58. List the prime factors of h.
29
Let r be (-2 + -10 + 2)/(-2). Let l = -20 + r. Let q = -8 - l. List the prime factors of q.
7
Suppose 3*g + b - 32 + 8 = 0, -2*b = 5*g - 39. What are the prime factors of 447*g/(135/10)?
2, 149
Suppose 2*k - 3*z = -2*z + 8, -5*z - 16 = -2*k. Suppose -k*f + 7 = 4*u - 230, 369 = 5*f - 2*u. What are the prime factors of f?
3, 5
What are the prime factors of (28/(-1))/((-7)/378*6)?
2, 3, 7
Let w = -1740 + 2837. List the prime factors of w.
1097
Let k(h) = 114*h**3 + 8*h**2 - 9*h. What are the prime factors of k(1)?
113
Let t(h) = 47*h**2 - 9. List the prime factors of t(3).
2, 3, 23
Suppose 0 = -12*i + 2965 - 157. Let p = -98 + i. What are the prime factors of p?
2, 17
Let w(q) be the first derivative of -q**4 - q**3/3 - 2*q + 2. Let l(z) = z**2 + 10*z + 19. Let n be l(-7). What are the prime factors of w(n)?
2, 13
Let n = -387 + 398. Let m(s) = 3*s**2 - 4*s - 13. Let j(h) = 16*h**2 - 19*h - 66. Let w(p) = -2*j(p) + 11*m(p). List the prime factors of w(n).
2, 11
Suppose 12 = 4*p - 56. Let h be (p - 7)/((-4)/14). What are the prime factors of (-900)/h - (-2)/7?
2, 13
Let x(d) = d**3 + 6*d**2 + 5*d. Let m = 21 + -20. Suppose 0 = -i - m - 2. List the prime factors of x(i).
2, 3
Let k = 11 - -5. Suppose 26 = 10*h - 44. Let a = k - h. List the prime factors of a.
3
Suppose -4*y = 2*n - 0 + 38, 5*n - y + 84 = 0. Let r(l) = -l**2 - 19*l + 10. List the prime factors of r(n).
2, 11
Let k(u) = u**2 - 3*u - 1. Let r be k(6). Suppose 2*d - 215 = r. List the prime factors of d.
2, 29
Suppose 5*c - 81 = -l, -3*l + 70 = 2*c - 108. What are the prime factors of 780/14 - (-16)/l?
2, 7
Suppose -3*c - 67 = -5*x, 0 = -3*c + 3*x - 24 - 33. Let a be c/(-56) - (-819)/4. Suppose -5*u + 10 = -a. List the prime factors of u.
43
Let k be 18/4 + 12/(-24). Suppose -3*v - k*n = -57 - 81, -5*v = n - 213. List the prime factors of v.
2, 3, 7
List the prime factors of (58*135/20)/((-18)/(-24)).
2, 3, 29
Let u(b) = -b**2 + 10*b + 26. Let i be u(11). Suppose 14*z + 54 = i*z. List the prime factors of z.
2, 3
Let l = 71 + -69. Suppose l*g - 5*g - 2*v = -131, -2 = -2*v. List the prime factors of g.
43
Suppose y = -3, 4*a - y = 11 - 0. Suppose -a*x - 340 = -7*x. What are the prime factors of x?
2, 17
Let q(z) be the first derivative of 5*z**3/3 + 3*z**2/2 - z - 14. What are the prime factors of q(2)?
5
Suppose 4*r = 6 - 230. Let t(o) = 8*o + 28. Let x be t(-8). Let g = x - r. What are the prime factors of g?
2, 5
Let h(k) be the third derivative of k**4/6 - k**3/6 + 2*k**2. Let l = 30 + -25. List the prime factors of h(l).
19
Suppose 2*u + 0*c + 3*c = -15, -3*c + 21 = -u. Suppose -2*w + 4*j = j + 3, w - 3*j = -6. List the prime factors of 2*(w - u - 0).
2, 3, 5
Let k = -78 - -80. Suppose -m + 175 = -v, 5*v = k*m + 65 - 430. List the prime factors of m.
2, 5, 17
Let w(t) = -t**3 - 5*t**2 + 7*t + 2. Let z be w(-7). Suppose 0 = -u - 2*x + z + 1, 0 = 5*u + x - 215. What are the prime factors of u?
2, 3, 7
Let n = 0 + 0. Suppose -3*z = 4*u - 3*u - 63, -4*u - 68 = -4*z. Suppose j = -n*j + z. What are the prime factors of j?
2, 5
Let v = -17 - -11. Let n be (-1 - v/(-1))*-5. Let a = n + -20. List the prime factors of a.
3, 5
Let